{"id":872,"date":"2021-05-04T11:33:04","date_gmt":"2021-05-04T11:33:04","guid":{"rendered":"https:\/\/latabledumusee.com\/index.php\/menu\/"},"modified":"2026-03-30T11:38:17","modified_gmt":"2026-03-30T09:38:17","slug":"menus","status":"publish","type":"page","link":"https:\/\/latabledumusee.com\/index.php\/menus\/","title":{"rendered":"Menus"},"content":{"rendered":"\t\t<div data-elementor-type=\"wp-page\" data-elementor-id=\"872\" class=\"elementor elementor-872\" data-elementor-post-type=\"page\">\n\t\t\t\t\t\t<section class=\"elementor-section elementor-top-section elementor-element elementor-element-feb4d0a elementor-section-boxed elementor-section-height-default elementor-section-height-default\" data-id=\"feb4d0a\" data-element_type=\"section\" data-e-type=\"section\">\n\t\t\t\t\t\t<div class=\"elementor-container elementor-column-gap-wider\">\n\t\t\t\t\t<div class=\"elementor-column elementor-col-100 elementor-top-column elementor-element elementor-element-7a542b4\" data-id=\"7a542b4\" data-element_type=\"column\" data-e-type=\"column\">\n\t\t\t<div class=\"elementor-widget-wrap elementor-element-populated\">\n\t\t\t\t\t\t<div class=\"elementor-element elementor-element-7329168 the7-e-tabs-view-horizontal the7-e-tabs-nav-justify-flex-start elementor-widget elementor-widget-the7-tabs\" data-id=\"7329168\" data-element_type=\"widget\" data-e-type=\"widget\" data-settings=\"{&quot;accordion_breakpoint&quot;:&quot;none&quot;}\" data-widget_type=\"the7-tabs.default\">\n\t\t\t\t<div class=\"elementor-widget-container\">\n\t\t\t\t\t\t<div class=\"the7-e-tabs-wrapper\">\n\t\t<div class=\"the7-e-tabs-nav-wrapper\">\n\t\t\t<div class=\"the7-e-tabs-nav-scroll-wrapper\">\n\t\t\t\t<div class=\"the7-e-tabs-nav\" role=\"tablist\">\n\t\t\t\t\t\t\t\t\t\t<span class=\"item-divider\" aria-hidden=\"true\"><\/span>\n\t\t\t\t\t\t\t\t\t\t\t\t<div id=\"the7-e-tab-title-1201\" class=\"the7-e-tab-title\" aria-selected=\"true\" data-tab=\"1\" role=\"tab\" tabindex=\"0\" aria-controls=\"the7-e-tab-content-1201\" aria-expanded=\"false\">\n\t\t\t\t\t\t\t\t\t\t\t\t\t\t<h5 class=\"the7-e-tab-title-text\">\n\t\t\t\t\t\t\tMenu du Mus\u00e9\t\t\t\t\t\t\t<\/h5>\n\t\t\t\t\t\t<\/div>\n\t\t\t\t\t\t<span class=\"item-divider\" aria-hidden=\"true\"><\/span>\n\t\t\t\t\t\t\t\t\t\t\t<div id=\"the7-e-tab-title-1202\" class=\"the7-e-tab-title\" aria-selected=\"false\" data-tab=\"2\" role=\"tab\" tabindex=\"-1\" aria-controls=\"the7-e-tab-content-1202\" aria-expanded=\"false\">\n\t\t\t\t\t\t\t\t\t\t\t\t\t\t<h5 class=\"the7-e-tab-title-text\">\n\t\t\t\t\t\t\tMenu du Mus\u00e9\t\t\t\t\t\t\t<\/h5>\n\t\t\t\t\t\t<\/div>\n\t\t\t\t\t\t<span class=\"item-divider\" aria-hidden=\"true\"><\/span>\n\t\t\t\t\t\t\t\t\t\t\t<div id=\"the7-e-tab-title-1203\" class=\"the7-e-tab-title\" aria-selected=\"false\" data-tab=\"3\" role=\"tab\" tabindex=\"-1\" aria-controls=\"the7-e-tab-content-1203\" aria-expanded=\"false\">\n\t\t\t\t\t\t\t\t\t\t\t\t\t\t<h5 class=\"the7-e-tab-title-text\">\n\t\t\t\t\t\t\tMenu du Mus\u00e9\t\t\t\t\t\t\t<\/h5>\n\t\t\t\t\t\t<\/div>\n\t\t\t\t\t\t<span class=\"item-divider\" aria-hidden=\"true\"><\/span>\n\t\t\t\t\t\t\t\t\t\t\t<div id=\"the7-e-tab-title-1204\" class=\"the7-e-tab-title\" aria-selected=\"false\" data-tab=\"4\" role=\"tab\" tabindex=\"-1\" aria-controls=\"the7-e-tab-content-1204\" aria-expanded=\"false\">\n\t\t\t\t\t\t\t\t\t\t\t\t\t\t<h5 class=\"the7-e-tab-title-text\">\n\t\t\t\t\t\t\tMenu du Mus\u00e9\t\t\t\t\t\t\t<\/h5>\n\t\t\t\t\t\t<\/div>\n\t\t\t\t\t\t<span class=\"item-divider\" aria-hidden=\"true\"><\/span>\n\t\t\t\t\t\t\t\t\t\t\t<div id=\"the7-e-tab-title-1205\" class=\"the7-e-tab-title\" aria-selected=\"false\" data-tab=\"5\" role=\"tab\" tabindex=\"-1\" aria-controls=\"the7-e-tab-content-1205\" aria-expanded=\"false\">\n\t\t\t\t\t\t\t\t\t\t\t\t\t\t<h5 class=\"the7-e-tab-title-text\">\n\t\t\t\t\t\t\tMenu du Mus\u00e9\t\t\t\t\t\t\t<\/h5>\n\t\t\t\t\t\t<\/div>\n\t\t\t\t\t\t<span class=\"item-divider\" aria-hidden=\"true\"><\/span>\n\t\t\t\t\t\t\t\t\t\t\t<div id=\"the7-e-tab-title-1206\" class=\"the7-e-tab-title\" aria-selected=\"false\" data-tab=\"6\" role=\"tab\" tabindex=\"-1\" aria-controls=\"the7-e-tab-content-1206\" aria-expanded=\"false\">\n\t\t\t\t\t\t\t\t\t\t\t\t\t\t<h5 class=\"the7-e-tab-title-text\">\n\t\t\t\t\t\t\tMenu du jour\t\t\t\t\t\t\t<\/h5>\n\t\t\t\t\t\t<\/div>\n\t\t\t\t\t\t<span class=\"item-divider\" aria-hidden=\"true\"><\/span>\n\t\t\t\t\t\t\t\t\t<\/div>\n\t\t\t<\/div>\n\t\t\t<div class=\"the7-e-tab-nav-button left-button\" role=\"button\" tabindex=\"0\" aria-label=\"Prev tab\"><\/div>\n\t\t\t<div class=\"the7-e-tab-nav-button right-button\" role=\"button\" tabindex=\"0\" aria-label=\"Next tab\"><\/div>\n\t\t<\/div>\n\t\t<div class=\"the7-e-tabs-content\" aria-orientation=\"vertical\">\n\t\t\t<span class=\"item-divider\" aria-hidden=\"true\"><\/span>\n\t\t\t\t\t\t\t<div class=\"the7-e-tab-item-wrapper\" data-tab=\"1\">\n\t\t\t\t\t<div class=\"the7-e-tab-title\" aria-selected=\"true\" data-tab=\"1\" role=\"tab\" tabindex=\"0\" aria-controls=\"elementor-tab-content-1201\" aria-expanded=\"false\">\n\t\t\t\t\t\t\t\t\t\t\t\t<h5 class=\"the7-e-tab-title-text\">\n\t\t\t\t\t\t\tMenu du Mus\u00e9\t\t\t\t\t\t<\/h5>\n\t\t\t\t\t<\/div>\n\t\t\t\t\t<div id=\"the7-e-tab-content-1201\" class=\"the7-e-tab-content\" data-tab=\"1\" role=\"tabpanel\" aria-labelledby=\"the7-e-tab-title-1201\" tabindex=\"0\" hidden=\"false\"><\/div>\n\t\t\t\t<\/div>\n\t\t\t\t<span class=\"item-divider\" aria-hidden=\"true\"><\/span>\n\t\t\t\t\t\t\t<div class=\"the7-e-tab-item-wrapper\" data-tab=\"2\">\n\t\t\t\t\t<div class=\"the7-e-tab-title\" aria-selected=\"false\" data-tab=\"2\" role=\"tab\" tabindex=\"-1\" aria-controls=\"elementor-tab-content-1202\" aria-expanded=\"false\">\n\t\t\t\t\t\t\t\t\t\t\t\t<h5 class=\"the7-e-tab-title-text\">\n\t\t\t\t\t\t\tMenu du Mus\u00e9\t\t\t\t\t\t<\/h5>\n\t\t\t\t\t<\/div>\n\t\t\t\t\t<div id=\"the7-e-tab-content-1202\" class=\"the7-e-tab-content\" data-tab=\"2\" role=\"tabpanel\" aria-labelledby=\"the7-e-tab-title-1202\" tabindex=\"0\" hidden=\"hidden\"><\/div>\n\t\t\t\t<\/div>\n\t\t\t\t<span class=\"item-divider\" aria-hidden=\"true\"><\/span>\n\t\t\t\t\t\t\t<div class=\"the7-e-tab-item-wrapper\" data-tab=\"3\">\n\t\t\t\t\t<div class=\"the7-e-tab-title\" aria-selected=\"false\" data-tab=\"3\" role=\"tab\" tabindex=\"-1\" aria-controls=\"elementor-tab-content-1203\" aria-expanded=\"false\">\n\t\t\t\t\t\t\t\t\t\t\t\t<h5 class=\"the7-e-tab-title-text\">\n\t\t\t\t\t\t\tMenu du Mus\u00e9\t\t\t\t\t\t<\/h5>\n\t\t\t\t\t<\/div>\n\t\t\t\t\t<div id=\"the7-e-tab-content-1203\" class=\"the7-e-tab-content\" data-tab=\"3\" role=\"tabpanel\" aria-labelledby=\"the7-e-tab-title-1203\" tabindex=\"0\" hidden=\"hidden\"><\/div>\n\t\t\t\t<\/div>\n\t\t\t\t<span class=\"item-divider\" aria-hidden=\"true\"><\/span>\n\t\t\t\t\t\t\t<div class=\"the7-e-tab-item-wrapper\" data-tab=\"4\">\n\t\t\t\t\t<div class=\"the7-e-tab-title\" aria-selected=\"false\" data-tab=\"4\" role=\"tab\" tabindex=\"-1\" aria-controls=\"elementor-tab-content-1204\" aria-expanded=\"false\">\n\t\t\t\t\t\t\t\t\t\t\t\t<h5 class=\"the7-e-tab-title-text\">\n\t\t\t\t\t\t\tMenu du Mus\u00e9\t\t\t\t\t\t<\/h5>\n\t\t\t\t\t<\/div>\n\t\t\t\t\t<div id=\"the7-e-tab-content-1204\" class=\"the7-e-tab-content\" data-tab=\"4\" role=\"tabpanel\" aria-labelledby=\"the7-e-tab-title-1204\" tabindex=\"0\" hidden=\"hidden\"><\/div>\n\t\t\t\t<\/div>\n\t\t\t\t<span class=\"item-divider\" aria-hidden=\"true\"><\/span>\n\t\t\t\t\t\t\t<div class=\"the7-e-tab-item-wrapper\" data-tab=\"5\">\n\t\t\t\t\t<div class=\"the7-e-tab-title\" aria-selected=\"false\" data-tab=\"5\" role=\"tab\" tabindex=\"-1\" aria-controls=\"elementor-tab-content-1205\" aria-expanded=\"false\">\n\t\t\t\t\t\t\t\t\t\t\t\t<h5 class=\"the7-e-tab-title-text\">\n\t\t\t\t\t\t\tMenu du Mus\u00e9\t\t\t\t\t\t<\/h5>\n\t\t\t\t\t<\/div>\n\t\t\t\t\t<div id=\"the7-e-tab-content-1205\" class=\"the7-e-tab-content\" data-tab=\"5\" role=\"tabpanel\" aria-labelledby=\"the7-e-tab-title-1205\" tabindex=\"0\" hidden=\"hidden\"><\/div>\n\t\t\t\t<\/div>\n\t\t\t\t<span class=\"item-divider\" aria-hidden=\"true\"><\/span>\n\t\t\t\t\t\t\t<div class=\"the7-e-tab-item-wrapper\" data-tab=\"6\">\n\t\t\t\t\t<div class=\"the7-e-tab-title\" aria-selected=\"false\" data-tab=\"6\" role=\"tab\" tabindex=\"-1\" aria-controls=\"elementor-tab-content-1206\" aria-expanded=\"false\">\n\t\t\t\t\t\t\t\t\t\t\t\t<h5 class=\"the7-e-tab-title-text\">\n\t\t\t\t\t\t\tMenu du jour\t\t\t\t\t\t<\/h5>\n\t\t\t\t\t<\/div>\n\t\t\t\t\t<div id=\"the7-e-tab-content-1206\" class=\"the7-e-tab-content\" data-tab=\"6\" role=\"tabpanel\" aria-labelledby=\"the7-e-tab-title-1206\" tabindex=\"0\" hidden=\"hidden\"><\/div>\n\t\t\t\t<\/div>\n\t\t\t\t<span class=\"item-divider\" aria-hidden=\"true\"><\/span>\n\t\t\t\t\t<\/div>\n\t<\/div>\n\t\t\t\t\t\t<\/div>\n\t\t\t\t<\/div>\n\t\t\t\t\t<\/div>\n\t\t<\/div>\n\t\t\t\t\t<\/div>\n\t\t<\/section>\n\t\t<div class=\"elementor-element elementor-element-f7d8084 e-flex e-con-boxed e-con e-parent\" data-id=\"f7d8084\" data-element_type=\"container\" data-e-type=\"container\">\n\t\t\t\t\t<div class=\"e-con-inner\">\n\t\t\t\t\t<\/div>\n\t\t\t\t<\/div>\n\t\t\t\t<\/div>\n\t\t","protected":false},"excerpt":{"rendered":"<p>Menu du Mus\u00e9 Menu du Mus\u00e9 Menu du Mus\u00e9 Menu du Mus\u00e9 Menu du Mus\u00e9 Menu du jour Menu du Mus\u00e9 Menu du Mus\u00e9 Menu du Mus\u00e9 Menu du Mus\u00e9 Menu du Mus\u00e9 Menu du jour<\/p>\n","protected":false},"author":2,"featured_media":1618,"parent":0,"menu_order":3,"comment_status":"closed","ping_status":"closed","template":"","meta":{"footnotes":""},"class_list":["post-872","page","type-page","status-publish","has-post-thumbnail","hentry"],"yoast_head":"<!-- This site is optimized with the Yoast SEO plugin v27.4 - https:\/\/yoast.com\/product\/yoast-seo-wordpress\/ -->\n<title>Menus - La Table du Mus\u00e9e<\/title>\n<meta name=\"description\" content=\"C\u2019est au c\u0153ur des Monts du Beaujolais, dans le village de Saint-Bonnet-le-Troncy, que la Cheffe Val\u00e9rie Cristina vous accueille dans son restaurant La Table du Mus\u00e9e.\" \/>\n<meta name=\"robots\" content=\"index, follow, max-snippet:-1, max-image-preview:large, max-video-preview:-1\" \/>\n<link rel=\"canonical\" href=\"https:\/\/latabledumusee.com\/index.php\/menus\/\" \/>\n<meta property=\"og:locale\" content=\"fr_FR\" \/>\n<meta property=\"og:type\" content=\"article\" \/>\n<meta property=\"og:title\" content=\"Menus - La Table du Mus\u00e9e\" \/>\n<meta property=\"og:description\" content=\"C\u2019est au c\u0153ur des Monts du Beaujolais, dans le village de Saint-Bonnet-le-Troncy, que la Cheffe Val\u00e9rie Cristina vous accueille dans son restaurant La Table du Mus\u00e9e.\" \/>\n<meta property=\"og:url\" content=\"https:\/\/latabledumusee.com\/index.php\/menus\/\" \/>\n<meta property=\"og:site_name\" content=\"La Table du Mus\u00e9e\" \/>\n<meta property=\"article:publisher\" content=\"https:\/\/www.facebook.com\/valerie.cristinachef\/\" \/>\n<meta property=\"article:modified_time\" content=\"2026-03-30T09:38:17+00:00\" \/>\n<meta name=\"twitter:card\" content=\"summary_large_image\" \/>\n<meta name=\"twitter:label1\" content=\"Dur\u00e9e de lecture estim\u00e9e\" \/>\n\t<meta name=\"twitter:data1\" content=\"4 minutes\" \/>\n<script type=\"application\/ld+json\" class=\"yoast-schema-graph\">{\"@context\":\"https:\\\/\\\/schema.org\",\"@graph\":[{\"@type\":\"WebPage\",\"@id\":\"https:\\\/\\\/latabledumusee.com\\\/index.php\\\/menus\\\/\",\"url\":\"https:\\\/\\\/latabledumusee.com\\\/index.php\\\/menus\\\/\",\"name\":\"Menus - La Table du Mus\u00e9e\",\"isPartOf\":{\"@id\":\"https:\\\/\\\/latabledumusee.com\\\/#website\"},\"primaryImageOfPage\":{\"@id\":\"https:\\\/\\\/latabledumusee.com\\\/index.php\\\/menus\\\/#primaryimage\"},\"image\":{\"@id\":\"https:\\\/\\\/latabledumusee.com\\\/index.php\\\/menus\\\/#primaryimage\"},\"thumbnailUrl\":\"\",\"datePublished\":\"2021-05-04T11:33:04+00:00\",\"dateModified\":\"2026-03-30T09:38:17+00:00\",\"description\":\"C\u2019est au c\u0153ur des Monts du Beaujolais, dans le village de Saint-Bonnet-le-Troncy, que la Cheffe Val\u00e9rie Cristina vous accueille dans son restaurant La Table du Mus\u00e9e.\",\"breadcrumb\":{\"@id\":\"https:\\\/\\\/latabledumusee.com\\\/index.php\\\/menus\\\/#breadcrumb\"},\"inLanguage\":\"fr-FR\",\"potentialAction\":[{\"@type\":\"ReadAction\",\"target\":[\"https:\\\/\\\/latabledumusee.com\\\/index.php\\\/menus\\\/\"]}]},{\"@type\":\"ImageObject\",\"inLanguage\":\"fr-FR\",\"@id\":\"https:\\\/\\\/latabledumusee.com\\\/index.php\\\/menus\\\/#primaryimage\",\"url\":\"\",\"contentUrl\":\"\"},{\"@type\":\"BreadcrumbList\",\"@id\":\"https:\\\/\\\/latabledumusee.com\\\/index.php\\\/menus\\\/#breadcrumb\",\"itemListElement\":[{\"@type\":\"ListItem\",\"position\":1,\"name\":\"Accueil\",\"item\":\"https:\\\/\\\/latabledumusee.com\\\/\"},{\"@type\":\"ListItem\",\"position\":2,\"name\":\"Menus\"}]},{\"@type\":\"WebSite\",\"@id\":\"https:\\\/\\\/latabledumusee.com\\\/#website\",\"url\":\"https:\\\/\\\/latabledumusee.com\\\/\",\"name\":\"La Table du Mus\u00e9e\",\"description\":\"Un Restaurant \u00e0 St Bonnet le Troncy\",\"publisher\":{\"@id\":\"https:\\\/\\\/latabledumusee.com\\\/#organization\"},\"potentialAction\":[{\"@type\":\"SearchAction\",\"target\":{\"@type\":\"EntryPoint\",\"urlTemplate\":\"https:\\\/\\\/latabledumusee.com\\\/?s={search_term_string}\"},\"query-input\":{\"@type\":\"PropertyValueSpecification\",\"valueRequired\":true,\"valueName\":\"search_term_string\"}}],\"inLanguage\":\"fr-FR\"},{\"@type\":\"Organization\",\"@id\":\"https:\\\/\\\/latabledumusee.com\\\/#organization\",\"name\":\"Cristina Val\u00e9rie (La Table du Mus\u00e9e)\",\"url\":\"https:\\\/\\\/latabledumusee.com\\\/\",\"logo\":{\"@type\":\"ImageObject\",\"inLanguage\":\"fr-FR\",\"@id\":\"https:\\\/\\\/latabledumusee.com\\\/#\\\/schema\\\/logo\\\/image\\\/\",\"url\":\"https:\\\/\\\/latabledumusee.com\\\/wp-content\\\/uploads\\\/2021\\\/05\\\/LogoCarre-TableDu-Musee-Sombre.webp\",\"contentUrl\":\"https:\\\/\\\/latabledumusee.com\\\/wp-content\\\/uploads\\\/2021\\\/05\\\/LogoCarre-TableDu-Musee-Sombre.webp\",\"width\":1000,\"height\":1000,\"caption\":\"Cristina Val\u00e9rie (La Table du Mus\u00e9e)\"},\"image\":{\"@id\":\"https:\\\/\\\/latabledumusee.com\\\/#\\\/schema\\\/logo\\\/image\\\/\"},\"sameAs\":[\"https:\\\/\\\/www.facebook.com\\\/valerie.cristinachef\\\/\"]}]}<\/script>\n<!-- \/ Yoast SEO plugin. -->","yoast_head_json":{"title":"Menus - La Table du Mus\u00e9e","description":"C\u2019est au c\u0153ur des Monts du Beaujolais, dans le village de Saint-Bonnet-le-Troncy, que la Cheffe Val\u00e9rie Cristina vous accueille dans son restaurant La Table du Mus\u00e9e.","robots":{"index":"index","follow":"follow","max-snippet":"max-snippet:-1","max-image-preview":"max-image-preview:large","max-video-preview":"max-video-preview:-1"},"canonical":"https:\/\/latabledumusee.com\/index.php\/menus\/","og_locale":"fr_FR","og_type":"article","og_title":"Menus - La Table du Mus\u00e9e","og_description":"C\u2019est au c\u0153ur des Monts du Beaujolais, dans le village de Saint-Bonnet-le-Troncy, que la Cheffe Val\u00e9rie Cristina vous accueille dans son restaurant La Table du Mus\u00e9e.","og_url":"https:\/\/latabledumusee.com\/index.php\/menus\/","og_site_name":"La Table du Mus\u00e9e","article_publisher":"https:\/\/www.facebook.com\/valerie.cristinachef\/","article_modified_time":"2026-03-30T09:38:17+00:00","twitter_card":"summary_large_image","twitter_misc":{"Dur\u00e9e de lecture estim\u00e9e":"4 minutes"},"schema":{"@context":"https:\/\/schema.org","@graph":[{"@type":"WebPage","@id":"https:\/\/latabledumusee.com\/index.php\/menus\/","url":"https:\/\/latabledumusee.com\/index.php\/menus\/","name":"Menus - La Table du Mus\u00e9e","isPartOf":{"@id":"https:\/\/latabledumusee.com\/#website"},"primaryImageOfPage":{"@id":"https:\/\/latabledumusee.com\/index.php\/menus\/#primaryimage"},"image":{"@id":"https:\/\/latabledumusee.com\/index.php\/menus\/#primaryimage"},"thumbnailUrl":"","datePublished":"2021-05-04T11:33:04+00:00","dateModified":"2026-03-30T09:38:17+00:00","description":"C\u2019est au c\u0153ur des Monts du Beaujolais, dans le village de Saint-Bonnet-le-Troncy, que la Cheffe Val\u00e9rie Cristina vous accueille dans son restaurant La Table du Mus\u00e9e.","breadcrumb":{"@id":"https:\/\/latabledumusee.com\/index.php\/menus\/#breadcrumb"},"inLanguage":"fr-FR","potentialAction":[{"@type":"ReadAction","target":["https:\/\/latabledumusee.com\/index.php\/menus\/"]}]},{"@type":"ImageObject","inLanguage":"fr-FR","@id":"https:\/\/latabledumusee.com\/index.php\/menus\/#primaryimage","url":"","contentUrl":""},{"@type":"BreadcrumbList","@id":"https:\/\/latabledumusee.com\/index.php\/menus\/#breadcrumb","itemListElement":[{"@type":"ListItem","position":1,"name":"Accueil","item":"https:\/\/latabledumusee.com\/"},{"@type":"ListItem","position":2,"name":"Menus"}]},{"@type":"WebSite","@id":"https:\/\/latabledumusee.com\/#website","url":"https:\/\/latabledumusee.com\/","name":"La Table du Mus\u00e9e","description":"Un Restaurant \u00e0 St Bonnet le Troncy","publisher":{"@id":"https:\/\/latabledumusee.com\/#organization"},"potentialAction":[{"@type":"SearchAction","target":{"@type":"EntryPoint","urlTemplate":"https:\/\/latabledumusee.com\/?s={search_term_string}"},"query-input":{"@type":"PropertyValueSpecification","valueRequired":true,"valueName":"search_term_string"}}],"inLanguage":"fr-FR"},{"@type":"Organization","@id":"https:\/\/latabledumusee.com\/#organization","name":"Cristina Val\u00e9rie (La Table du Mus\u00e9e)","url":"https:\/\/latabledumusee.com\/","logo":{"@type":"ImageObject","inLanguage":"fr-FR","@id":"https:\/\/latabledumusee.com\/#\/schema\/logo\/image\/","url":"https:\/\/latabledumusee.com\/wp-content\/uploads\/2021\/05\/LogoCarre-TableDu-Musee-Sombre.webp","contentUrl":"https:\/\/latabledumusee.com\/wp-content\/uploads\/2021\/05\/LogoCarre-TableDu-Musee-Sombre.webp","width":1000,"height":1000,"caption":"Cristina Val\u00e9rie (La Table du Mus\u00e9e)"},"image":{"@id":"https:\/\/latabledumusee.com\/#\/schema\/logo\/image\/"},"sameAs":["https:\/\/www.facebook.com\/valerie.cristinachef\/"]}]}},"_links":{"self":[{"href":"https:\/\/latabledumusee.com\/index.php\/wp-json\/wp\/v2\/pages\/872","targetHints":{"allow":["GET"]}}],"collection":[{"href":"https:\/\/latabledumusee.com\/index.php\/wp-json\/wp\/v2\/pages"}],"about":[{"href":"https:\/\/latabledumusee.com\/index.php\/wp-json\/wp\/v2\/types\/page"}],"author":[{"embeddable":true,"href":"https:\/\/latabledumusee.com\/index.php\/wp-json\/wp\/v2\/users\/2"}],"replies":[{"embeddable":true,"href":"https:\/\/latabledumusee.com\/index.php\/wp-json\/wp\/v2\/comments?post=872"}],"version-history":[{"count":48,"href":"https:\/\/latabledumusee.com\/index.php\/wp-json\/wp\/v2\/pages\/872\/revisions"}],"predecessor-version":[{"id":8228,"href":"https:\/\/latabledumusee.com\/index.php\/wp-json\/wp\/v2\/pages\/872\/revisions\/8228"}],"wp:featuredmedia":[{"embeddable":true,"href":"https:\/\/latabledumusee.com\/index.php\/wp-json\/"}],"wp:attachment":[{"href":"https:\/\/latabledumusee.com\/index.php\/wp-json\/wp\/v2\/media?parent=872"}],"curies":[{"name":"wp","href":"https:\/\/api.w.org\/{rel}","templated":true}]}}